8. Calculate z(f).
12
Let q(d) = -6*d + 3. Let v be (-6)/(-2) + -4 + 3. Suppose -v*i = -4 - 0. Calculate q(i).
-9
Suppose 0 = 5*q + 2*b - b - 6, -2*q - 4*b = 12. Suppose 4*r + 0 = -z + 4, -q*r + 3*z + 16 = 0. Let d(n) = -n - 2. Determine d(r).
-4
Let v(x) be the third derivative of 5*x**4/24 + x**3/6 + 11*x**2 - 2*x. Give v(-2).
-9
Let n(q) = 0 + 0*q - 2 + 0 - q. Calculate n(6).
-8
Suppose 15 - 4 = 2*s - o, 2*s - 12 = 2*o. Let b(z) = -z**3 + 6*z**2 - 3*z - 3. Calculate b(s).
7
Suppose -5*i + 17 = 47. Let z(y) = 5*y + 4*y**2 - 5 - 3*y**2 + 1 + 3. What is z(i)?
5
Let y(p) be the second derivative of -p**5/20 + 9*p. Calculate y(1).
-1
Let r(g) be the first derivative of g**4/24 + 5*g**3/6 - 2*g**2 - 3. Let v(o) be the second derivative of r(o). Give v(-6).
-1
Let v = -35 + 30. Let r(w) = -w**2 - 4*w. Calculate r(v).
-5
Let c(z) = -z**3 + 14*z**2 - 12*z - 14. Let m be c(13). Let f(t) = -t**2 + t. What is f(m)?
-2
Suppose 4*o = -4*l + 20, -4*l + 0*o + 2 = -2*o. Let g(b) = 6*b. What is g(l)?
12
Suppose -4*t + 4*w = 0, 0 = -w + 2 - 0. Let q(p) = p**t + 1 + 9 + 9*p - 2*p - 2. What is q(-6)?
2
Let x(n) be the second derivative of n**5/60 + n**4/6 - n**3/2 - n**2/2 - n. Let s(p) be the first derivative of x(p). Let h be -3 + (2 - 0)*-1. What is s(h)?
2
Let f be 1 + -2 + (6 - 1). Let z = 6 - f. Let x(c) = 6*c**3 + 2*c**2 - z + 0*c**2 + 1. Determine x(1).
7
Let f(t) be the third derivative of -t**8/5040 - t**7/2520 + t**6/720 - 7*t**5/60 - 7*t**2. Let l(g) be the third derivative of f(g). Calculate l(1).
-5
Suppose -2*n + 20 = -6*n. Let l(f) be the second derivative of -f**5/20 - f**4/3 + f**3 - 9*f. Calculate l(n).
-5
Let t = -7 + 2. Let r(b) = -5*b**2 - 5*b. Let j(v) = 9*v**2 + 10*v - 1. Let y(m) = -4*j(m) - 7*r(m). What is y(t)?
4
Let c(o) = 7*o**3 - 4*o**2 - 2*o + 4. Let x(z) = 13*z**3 - 7*z**2 - 3*z + 7. Let u(d) = -5*c(d) + 3*x(d). Calculate u(-1).
-5
Suppose 4*a + 8 = 76. Let i(s) = 20*s**2 + 3*s + 1. Let o(q) = -7*q**2 - q. Let m(y) = a*o(y) + 6*i(y). Determine m(0).
6
Suppose -5*v = -27 + 2, -2*m - v = -13. Suppose 0*y = -m*y. Let f(i) = -i + 1 + y - 7. Determine f(-4).
-2
Let p = -45 + 54. Let u(f) = -f**3 + 9*f**2 + 3. Give u(p).
3
Let x(w) = -w - 2 + 2. Suppose 2*u + 4*l = 2, 2*u = -5*l + 2 + 2. Determine x(u).
3
Let a(y) be the first derivative of -y**3/3 + 7*y**2/2 - 29. Give a(8).
-8
Let h(u) = -1. Let d(b) = b - 11. Let i(m) = 1. Let c(a) = d(a) + 2*i(a). Let v(r) = c(r) - 6*h(r). What is v(3)?
0
Let x(u) = u**3 - 3*u - 2 + u**2 - u + 8*u. Let h(j) = j**3 + 5*j - 3. Let m(k) = 2*h(k) - 3*x(k). Calculate m(-2).
0
Suppose 2*o + 4*v + 16 = 0, -3*o - o - 5*v - 20 = 0. Let y(p) be the second derivative of -p**4/12 + p**3/6 - p**2/2 - p. Give y(o).
-1
Let r(f) = -2*f - 4. Let b be r(-3). Let l(g) = 0*g**b + 4*g**2 - 5*g**2 + g. Let i be l(-2). Let v(u) = -u - 7. Determine v(i).
-1
Let n(v) = v - 6. Suppose -5*g = -7*g + 6. Let f be g + 5 - (0 - -1). Let l be n(f). Let x(q) = 5*q**2 - q. What is x(l)?
4
Let m be ((-20)/4)/(-15)*18. Let y(o) be the first derivative of o**4/4 - 5*o**3/3 - 3*o**2 - 3*o + 2. Determine y(m).
-3
Let d(p) = -2*p**2 - 2*p - 2 + 2 + p**2 - 2. Let y be -3 - (0 - -1 - 0). Give d(y).
-10
Let w be 31/7 + (-3)/7. Suppose -23 + 2 = -3*c. Let n(p) = -w + 5*p - 4 + c. Determine n(-1).
-6
Let j = 10 + -7. Let h(g) = g**2 + 0*g**2 - 1 - g**3 + 0*g**j. Let i(c) = -c**2 + 7*c + 20. Let m be i(9). Calculate h(m).
-5
Let a be -6*(-2)/(-9) + (-7)/(-3). Let s(h) = -26*h. Determine s(a).
-26
Let r be (2/(-12))/((-1)/18). Let g(t) be the third derivative of 0*t + 0 - 1/120*t**6 - 4*t**2 - 1/12*t**5 + 0*t**4 - 1/6*t**r. Calculate g(-5).
-1
Let w(n) = -2*n**2 - 7. Let s(l) = l**2 + 6. Let a(z) = -6*s(z) - 5*w(z). Suppose 2*b - 2 = -4. Give a(b).
3
Let x(h) = h + 3. Let c be (-45)/27 + 75/(-9). Calculate x(c).
-7
Let f(d) be the first derivative of -d**3/3 - 5*d**2 + 10*d + 13. Determine f(-9).
19
Suppose -g + 1 = 7. Let i(m) = -m. What is i(g)?
6
Let z(v) be the first derivative of -1 - 5/6*v**3 + 1/12*v**4 - v + 1/2*v**2. Let a(o) be the first derivative of z(o). Give a(4).
-3
Let d be 117/(-27) - 4/6. Let o(w) = 2*w + 5. What is o(d)?
-5
Let b(j) = -3 + 2*j**2 + 1 - 2*j + 4*j. Suppose -10 = -q + 4*c, -5 = 2*c - 1. Determine b(q).
10
Let u(o) = -o**2 + 2*o + 4. Suppose 3*p = -3*p - 12. Let c be (-1)/((-2)/(8 + p)). Give u(c).
1
Let l(c) be the first derivative of -c**7/840 - c**6/72 + 7*c**5/120 - c**4/24 - 8*c**3/3 - 4. Let m(r) be the third derivative of l(r). Determine m(-6).
-7
Let l(j) = -j + 8. Let p be l(-4). Let k = p + -18. Let y(w) = w**2 + 7*w - 2. Give y(k).
-8
Let k(b) = b**2 + 8*b + 6. Let p = -1 - 5. Calculate k(p).
-6
Let t(n) = 0 + n - 4 + 0*n. Suppose 2 = 3*y - 2*k, -4*y - 2*k + 41 = 3*k. Suppose 5 = -3*f - i - y*i, -4*f + 3*i - 26 = 0. What is t(f)?
-9
Let z(h) = h - 3. Suppose -4*n - 68 = -4*w, -5*w + 2*n + 93 = n. Suppose 0 = -5*j - 4 + w. What is z(j)?
0
Let i(l) = l - 11. Let p(m) = m - 6. Let h(j) = 3*i(j) - 5*p(j). Calculate h(-4).
5
Let t = -3 - 1. Let h = t + 6. Let d(y) = h*y - 1 + 0*y - y**2 - y. Calculate d(3).
-7
Suppose -4*b = 0, -q + 4*q + 3 = b. Let w(a) = 7*a**2 + a + 1. Give w(q).
7
Suppose -23 = 4*u - 7. Let m(l) = 3*l**3 - 4*l**2 - 2*l - 2. Let h(p) = -8*p**3 + 11*p**2 + 5*p + 6. Let x(d) = u*h(d) - 11*m(d). What is x(2)?
-6
Let h = 7 + -5. Let r(n) = n. Let i(t) = t**2 - 3*t. Let g be 57/21 - (-4)/14. Let k(o) = g*r(o) + i(o). Give k(h).
4
Let r(y) = 0*y**3 + y**2 + 10 - 2*y**3 - 3 + y + y**3. Calculate r(0).
7
Let b(i) = -15*i - 16. Let l(v) = -7*v - 7. Let r(p) = -4*b(p) + 9*l(p). Let a be (-2)/(-3) + 8/6. Determine r(a).
-5
Let o(m) be the first derivative of -2*m**3/3 + 2*m**2 - 3*m + 1. What is o(3)?
-9
Let b = 52 + -45. Let w(u) = -u**2 + 7*u - 8. Determine w(b).
-8
Let u(d) = d**3 - 4*d**2 - 3*d - 5. Let k = -7 + 9. Let b = 1 + k. Let a = 8 - b. Give u(a).
5
Let z(f) be the second derivative of f**3/6 - 7*f**2/2 + f. Let d be (-5)/(5/(-4)) + 1. Determine z(d).
-2
Let y(n) = 14*n**2 - 1. Let c be y(1). Suppose 5*h = -12 - c. Let k(a) = 6*a**2 + 20*a**3 - 7*a**3 - 12*a**3 + 3*a - 6. Give k(h).
4
Let b(h) = -10*h - 5*h**2 + 4*h**2 - 10 - 10*h**2 - h - h**3. Determine b(-10).
0
Let j(i) = 1 - 2*i**3 + i**3 + 2*i**2 + 8*i**3 - 4*i**2. Suppose -3*o + v = 2*v - 9, 0 = -2*o + 5*v + 6. Suppose -o*r - 4 + 1 = 0. Determine j(r).
-8
Let k(b) = 2*b + 5. Let d(m) = 4*m + 9. Let n be 4 + -1 + -2 - 12. Let h(y) = n*k(y) + 6*d(y). What is h(-1)?
-3
Let v(i) = -i + 6. Suppose 14*n - 10*n - 24 = 0. Calculate v(n).
0
Let y = 13 - 18. Let x(a) = 24*a**2 + 24*a**2 + a**3 + 25*a**2 - 67*a**2 - 1 + 6*a. Calculate x(y).
-6
Let n(o) = -o**2 - 2*o - 1. Let m be n(-1). Let q(p) = p**3 + m*p**3 + p**2 - 4*p**3. Suppose 0 = -3*h - 6 + 9. Calculate q(h).
-2
Suppose 0 = -3*c + 2*c + 5. Let d(v) = -v**3 + 4*v**2 + 5*v + 1. Give d(c).
1
Let w be -1 + 7 + -1 + -1. Let p(o) be the second derivative of -o**6/360 + o**5/30 - o**3/3 - 3*o. Let f(s) be the second derivative of p(s). Give f(w).
0
Let o(m) = m + 4. Let y be o(-7). Let k(d) = 5*d**2 + 0*d**2 + 5 - 4*d + d. Let b(c) = -2*c**2 + 2*c - 3. Let s(i) = y*k(i) - 5*b(i). Determine s(-1).
-4
Let z(u) = 2*u - 3. Let t be z(4). Let q(g) = -g**2 + 4*g - 1. Give q(t).
-6
Let i(o) = -o**3 + 4*o**2 - 3*o + 1. Let v(a) = 3*a. Let q be v(1). Determine i(q).
1
Let t(v) = 1. Let p(g) = 3*g - 6. Let k(c) = p(c) + 2*t(c). Let x be 14 + (-1 + 0 - 1). Suppose -r = 3*r - x. Give k(r).
5
Let t(d) = d**2 + 5*d - 6. Let o be 0 - (-1 + -1)*1. Let i = -3 - o. Calculate t(i).
-6
Let g(n) = -n**2 + 2*n + 5. Suppose -3*z + 7*z - 8 = 0. Let r(f) = 19 - 4*f**2 + 10*f - 5*f - 3. Let u(s) = z*r(s) - 7*g(s). Give u(-3).
0
Let r(m) = m + 7. Let s be r(-3). Let c(n) = n + 1. Let o(a) = -5*a - 4. Let b(z) = s*c(z) + o(z). What is b(5)?
-5
Let r(b) = -2*b**3 + b**2 + b. Let j(n) be the second derivative of -n**4/12 + 5*n**3/3 + 5*n**2 - 3*n. Let x be j(11). Give r(x).
2
Suppose 0 = 2*i + 3*i + 40. Let s = 10 + i. Let r(d) = 2 + 0 - 7*d - 7 - 2*d**s. What is r(-4)?
-9
Suppose 5 = 4*w - 3. Let s = w + 1. Let a(j) = j**3 - 3*j**2 + 2*j - 4. Give a(s).
2
Suppose -2*j + 4*j - 2 = 0. Suppose 4 = -f - 1. Let w(t) = -t + 4. Let q(p) = p + 1. Let o(x) = f*q(x) + w(x). Determine o(j).
-7
Let s(h) = -h**3 - 4*h**2 + 